15.
2, 3, 5
List the prime factors of 4*(-279)/(-12)*(4 + 1).
3, 5, 31
Let r = 1010 - 703. Let c = r - 216. List the prime factors of c.
7, 13
Let s(w) = 2*w + 13. Let x be s(-12). Let k(n) = -n**2 - 11*n + 16. Let y be k(x). Let p(r) = 3*r + 33. List the prime factors of p(y).
3
Let q = -3 + 7. Suppose q*d + l = 3*l + 146, -2*l = d - 34. Let f = d - 16. List the prime factors of f.
2, 5
Let t(u) = 46*u + 1. Let g = 112 + -108. List the prime factors of t(g).
5, 37
Let w be -6*(1/(-2) - 0). Suppose y + 2 = w*u, 3*y = 3*u - 5*u + 16. Suppose -68 - 28 = -y*c. List the prime factors of c.
2, 3
Let r = -13 - -15. Suppose 0 = -3*p + r*p + 77. List the prime factors of p.
7, 11
Suppose 2625 = 7*v - 1939. What are the prime factors of v?
2, 163
Suppose 0 = -4*j - 5*l + 6*l + 2211, -3 = l. What are the prime factors of j?
2, 3, 23
Let n = -98 - -98. Suppose 4*k - 3*k - p - 75 = 0, n = -2*k + 4*p + 154. What are the prime factors of k?
73
Suppose 0 = 2*f + 3*y + 14, 13 = -f + 4*y - 7*y. Let s be 1 + f + 2/1. Suppose 3*c = s*v + 2 + 9, 0 = 4*c + 4*v - 48. List the prime factors of c.
7
Let z be (0 + 1)*(-17 + -5). Let h = 31 + z. List the prime factors of h.
3
Let y be (-1 + 0)/((-5)/110). Let k = 28 - y. List the prime factors of k.
2, 3
Let y be 6 - (3/(-3) + 0). Let u = -2 + y. Suppose -11 + 41 = u*q. What are the prime factors of q?
2, 3
Let l = -479 + 1251. List the prime factors of l.
2, 193
Suppose -7*q = -3*q + 96. Let f = q + 44. Suppose 5*p = -0*p + f. List the prime factors of p.
2
List the prime factors of (12/36)/((-1)/(-9429)).
7, 449
Let q = -43 - -79. Let i = 1231 + -1214. Suppose i = p - q. List the prime factors of p.
53
Suppose -3*y = 4*n + 8 + 3, y - 2*n = 13. Suppose 5*r = y*r. Suppose 0 = -f + 3*x + 33, r = -0*x + 3*x. What are the prime factors of f?
3, 11
Let v be (-20)/6*(0 - 45/25). Let z(p) = 8*p. List the prime factors of z(v).
2, 3
Suppose -y - 10 = -4*q, 11 = 4*q + 5*y + 13. Suppose 9 = -3*i, 0 = -q*k + 4*i + 600 - 38. List the prime factors of k.
5, 11
Let m(s) = -s - 7. Let d be m(-5). Let z be (-6)/(-2) + d - -14. Suppose 3*x = -3*t + 39, 0 = -0*t - 3*t + 3*x + z. List the prime factors of t.
3
Suppose 9*p + 4*a = 4*p + 70, 3*a + 15 = 3*p. Let z be ((-8)/p)/((-5)/50). List the prime factors of (-1)/(-2)*(z - 2).
3
Suppose -324*o + 319*o = -160. What are the prime factors of o?
2
Let j = 56 + 435. What are the prime factors of j?
491
Suppose 7*q = -18*q + 7500. List the prime factors of q.
2, 3, 5
Let n = -362 + 665. What are the prime factors of n?
3, 101
Suppose -148455 = 85*n - 130*n. List the prime factors of n.
3299
Let z(y) = 7*y**2 + 4*y - 23. What are the prime factors of z(-7)?
2, 73
Suppose 2*z - 3*j = 534, 3*j - 359 = -z - 83. List the prime factors of z.
2, 3, 5
What are the prime factors of -20 + 1302/63 - (-15415)/3?
3, 571
Let m = 294 - -62. What are the prime factors of m?
2, 89
List the prime factors of (-3)/(-8) - 19065/(-40).
3, 53
Let a = -12662 - -9006. Let d be 1/4 - a/(-32). Let j = -38 - d. What are the prime factors of j?
2, 19
Let u be 7/28 + (-39)/(-4). Suppose 0 = 5*n - 4*n + 5*q - 6, -3*n - u = q. List the prime factors of n/(-7)*42/12.
2
Let f(v) = v**3 + 6*v**2 + v - 3. Let p be f(-6). Let c be 2/p - 56/72. List the prime factors of 0 + -2 - -5 - c.
2
Let o = -24 + 17. Let d(l) = 10*l**3 - 7*l**2 + 8*l - 6. Let u(b) = 19*b**3 - 13*b**2 + 15*b - 11. Let q(f) = o*d(f) + 4*u(f). List the prime factors of q(2).
2, 3, 7
Let s be ((-12)/36)/((-2)/4002). Suppose 9*j - s = -217. What are the prime factors of j?
2, 5
Suppose -5*s - 5*z + 1210 = -2*z, -5*s - z + 1210 = 0. Suppose 4*c - 346 = s. List the prime factors of c.
3, 7
Suppose -2247 = 4*q - 8999. List the prime factors of q.
2, 211
Suppose 4*f + 464 = 2*k, -4*f = -k - 2*k + 694. Let z(m) = m**2 + 4*m - 10. Let i be z(-6). Suppose -i*y - 3*y + k = 0. What are the prime factors of y?
2, 23
Let c(j) = 5*j**2 - 7*j - 25. Let i be c(-9). Suppose -i - 69 = -4*z. What are the prime factors of z?
2
Suppose 4*r = -5*p - 24 - 77, 3*p + 55 = -r. Let t = 30 + p. What are the prime factors of t?
13
Let s(h) be the second derivative of h**5/20 - h**4/2 - h**3/3 - 2*h**2 - 6*h. What are the prime factors of s(7)?
31
Let y = 470 - 34. What are the prime factors of y?
2, 109
Suppose -n - 327 = 2*n. Let q = 86 - n. Suppose 6*o - 3*o = q. List the prime factors of o.
5, 13
Let i = -1486 - -2517. What are the prime factors of i?
1031
Let a be -16 - -19 - (1 - 0). Suppose -2*v - x - 3*x + 106 = 0, a = -x. What are the prime factors of v?
3, 19
Suppose 76 + 396 = g. What are the prime factors of g?
2, 59
Suppose -5*s - 3*i + 1176 - 39 = 0, -917 = -4*s + 5*i. Suppose 6*j - s = 2*j. What are the prime factors of j?
3, 19
Let u be ((-6)/4)/((-6)/20). Let f = 12 - u. Suppose b - f = -3, 0 = -3*y + 2*b + 91. What are the prime factors of y?
3, 11
What are the prime factors of (52/3 - 0)/(70/840)?
2, 13
Suppose 5*g - 5212 = 6*k - 10*k, -5*g + 6520 = 5*k. List the prime factors of k.
2, 3, 109
Let a be -12 + 12 - (2 - 0). Let s = 4 + a. Suppose 5*u - 153 = -3*i, -s*u - 5*i + 0*i + 65 = 0. List the prime factors of u.
2, 3, 5
Let p = -14 + 22. Suppose 3*y = 7*y - p. Suppose 3*g + g - 36 = y*i, i = 5*g - 48. List the prime factors of g.
2, 5
Suppose 7*o - 113760 = -17*o. List the prime factors of o.
2, 3, 5, 79
Let z(x) be the second derivative of x**5/20 - 19*x**4/12 + x**3 + 25*x**2/2 - 26*x. List the prime factors of z(19).
139
Let h = 110 - 107. Suppose -495 = -h*p - 75. List the prime factors of p.
2, 5, 7
Suppose -a - 3*a + 24 = -2*x, a - 2*x = 9. Suppose -a*u + 4 + 6 = 0. Suppose -u*c + c = -9. List the prime factors of c.
3
Suppose 8 = 2*c - 40. Let o = 53 - c. List the prime factors of o.
29
Suppose 5*n = -4*n + 45. Suppose -t = n*v - 99, 10 + 15 = -5*v. What are the prime factors of t?
2, 31
Suppose -3*y + 68 - 11 = 5*s, s + 2*y = 17. Let u(p) = -3*p + 2. Let c be u(6). Let l = s - c. List the prime factors of l.
5
Suppose -29*w + 28407 = 9006. What are the prime factors of w?
3, 223
Let t = -24 - -29. Suppose t*k = -p + 21, 3*p + 3*k + 55 = 5*p. What are the prime factors of p?
2, 13
Let v(y) be the third derivative of -y**4/12 - y**3 - 7*y**2. Let x be v(3). Let r = x + 19. List the prime factors of r.
7
Suppose -10823 = -9*j + 2794. What are the prime factors of j?
17, 89
Let m = 6 + -12. Let g be 15/m*4/(-2). Suppose -5 = -4*f + 3*i, -15 = -g*i + 2*i. What are the prime factors of f?
5
Suppose -6*x - 39 = -3. List the prime factors of 4/4 + x - -141.
2, 17
Suppose 0 = l + 4*p + 4, 2*l - p = -4 + 5. Let d be l + (6 - 12/4). Suppose 0*t + 76 = d*t - 5*j, -3*t = -2*j - 70. List the prime factors of t.
2, 11
Let s = 20 - 18. Suppose 2*f - 5 - 1 = -s*z, 19 = 5*z + f. Suppose -3*y + l = -50, 0*y + 5*l = z*y - 63. List the prime factors of y.
17
Suppose 582 = 3*p - 5784. List the prime factors of p.
2, 1061
Suppose 4*v + 2*y + 38 = -0*y, 29 = -4*v + y. What are the prime factors of v/36 + 436/18?
2, 3
Let v be -1*(-2 + 2) - (2 - 3). What are the prime factors of 0 - v - (-7)/((-7)/(-12))?
11
Let r(d) = -46*d - 794. What are the prime factors of r(-32)?
2, 3, 113
Let k(n) = 3*n**2 + 3*n + 2. Let o be k(-1). What are the prime factors of (-265)/(-4) - o/8?
2, 3, 11
Let k(j) be the second derivative of 27*j**5/20 - 5*j**4/6 + 8*j**3/3 + j**2/2 - 27*j. List the prime factors of k(2).
11, 19
Suppose -1191 = -2*k + 91. What are the prime factors of k?
641
Let k be 9 + -10 - (0 - 3). Let i be 0/(0 + -1 + 0). Suppose i = k*q - 42 + 12. What are the prime factors of q?
3, 5
Suppose 10 = -b - 6. Let k = b - -44. Let d = 61 - k. What are the prime factors of d?
3, 11
Let f(x) = -605*x - 19. What are the prime factors of f(-6)?
23, 157
Let d(m) = -4*m + 1. Let c(s) = -3*s + 1. Let b(u) = -5*c(u) + 4*d(u). Let z be b(-3). Suppose z*w - w - 5 = 0. List the prime factors of w.
5
Let b = -98 + 142. List the prime factors of b.
2, 11
Let c(l) be the third derivative of -17*l**6/30 - l**5/30 - l**4/24 + l**3/6 + 25*l**2. What are the prime factors of c(-1)?
2, 17
Suppose 967 = g - 3*h - 28, 5*g = -4*h + 5051. List the prime factors of g.
19, 53
Suppose -4*l - 365 = o, 0 = 2*l + 2*o + 175 + 15. Let x = l + 194. Suppose -5*r = -r - x. List the prime factors of r.
2, 13
What are th